 h(m) = -m**3 - 23*m + 14. Let f be h(6). Let y = 332 + f. Determine o(y).
7
Let b(z) = 4*z + 41. Let u(s) = s**3 - 41*s**2 + 36*s + 150. Let a be u(40). Let j be b(a). Let h(m) = -14*m**3 + m**2 + m - 1. Determine h(j).
-13
Let j(x) = 203*x + 9744. Let g be j(-48). Let w(d) be the third derivative of -1/3*d**3 + 0 + 3/8*d**4 + g*d - 1/60*d**5 + 34*d**2. What is w(8)?
6
Let s(g) be the first derivative of -g**2/2 - g - 1. Let p(z) = 422*z - 10539. Let o be p(25). Give s(o).
-12
Suppose -33756 = -7*k - 33805. Let m(x) = -14*x - 52. Give m(k).
46
Suppose 4*z + 2 = -10. Let p be ((-4)/6)/((-2)/z). Let t(g) = 4*g - 4*g + 2397 - 2397 - g. Give t(p).
1
Let r(b) = b**2 + 8*b + 7. Let o be r(-8). Suppose 1 = a - 5*n, 10 = 2*a + 5*n - o. Let v(m) = -6*m**2 + m**2 - 11*m + 2*m**3 - 3*m**3 + a*m. Calculate v(-4).
4
Let o(w) = w. Suppose 5*m = 5*d - 60, -7*d - m - 44 = -10*d. Calculate o(d).
16
Let o = 8 - 11. Let d(b) = -20*b**3 + 25*b**2 + 3*b + 23. Let a(j) = -7*j**3 + 9*j**2 + j + 8. Let h(r) = -17*a(r) + 6*d(r). Calculate h(o).
-1
Suppose -7*q + 3*q + 4*r = 20, -5*r - 30 = 0. Let t(j) = -j + 5. Determine t(q).
16
Let y(l) = 19*l + 26. Let g be y(-7). Let n = -110 - g. Let h(i) be the first derivative of -i**4/4 - 2*i**3/3 + i**2/2 + 2*i + 3. Calculate h(n).
8
Let m(a) = -a**3 + 42*a**2 - 43*a + 83. Let i = -11918 + 11959. Give m(i).
1
Suppose 0 = 3*j - 0*j. Suppose 2*f = w - 2*f + 9, 0 = 2*f - 6. Let g(q) = -10*q - 3*q + 13*q + 7 + q**w. Give g(j).
7
Let i(j) = -2*j**3 - 4*j**2 - 3*j - 2. Suppose 424*s - 570 = 425*s. Let d = s + 568. Give i(d).
4
Let o(g) = 14*g**2 - 7*g - 69. Let k be o(-2). Let c(y) = 4*y**3 + 2*y**2 - 2*y. Calculate c(k).
4
Let g(f) = f**3 - f**2 - 21*f - 14. Let m be 3570/(-833) + (2/(-42))/((-1)/6). Give g(m).
-10
Let a(o) = o**2 - 4*o + 3. Let t(r) = -r**2 + 3*r - 2. Let v be 2/(-2 - 0 - -1). Let z(u) = v*a(u) - 3*t(u). Suppose -66 = -10*n - 12*n. What is z(n)?
6
Let o = 2336 + -2340. Let y(h) = -7*h - 10. What is y(o)?
18
Let p(m) be the third derivative of -m**5/15 + m**4/8 + m**3/3 + 3*m**2 - 135. Calculate p(2).
-8
Let u(d) = 5*d**3 + 13*d**2 - 10*d - 24. Let s be u(-2). Let v(k) = -4*k + 32. What is v(s)?
0
Let z(s) = 3*s. Let x(y) = 2*y - 1. Let u(f) = 4*x(f) - 3*z(f). Let k(b) = -3*b**2 + 23*b - 26. Let i be k(6). Suppose 0*o - i = o. What is u(o)?
0
Let c(f) = 2*f**2 - 4*f + 2. Let r be c(2). Let d(x) be the first derivative of 11*x**2/2 - x - 2286. What is d(r)?
21
Let u(l) be the third derivative of l**6/60 - l**5/60 - l**4/4 + 2*l**3 + 46*l**2. Determine u(2).
12
Suppose 0 = -172*x + 165*x + 28. Suppose -4*u + 32 = 5*b, 2*b - x*u + 0*u = -4. Let f(g) = -2*g + 6. Determine f(b).
-2
Let c(g) = 1267*g + g**2 + 203 - 72 - 1236*g. Determine c(-5).
1
Let v(g) = -g - 4. Suppose -10 - 2690 = -30*n. Suppose 4*q + n = 14*q. What is v(q)?
-13
Let f = -73 + 91. Let t = -84 + f. Let p = -70 - t. Let b(y) = -y**2 - 3*y - 1. Calculate b(p).
-5
Let h(o) = -13*o**2 + 46*o - 57 - 13*o + 15*o**2 + 28*o**2 - o**3. What is h(31)?
5
Let s(o) = -3*o - 29. Suppose a - 141*z + 1 = -138*z, a + 3 = 2*z. Give s(a).
-8
Let s(a) = -a**2 - 8*a + 8. Let f be s(-7). Let n(m) be the first derivative of -f + 364*m**2 - 364*m**2 - m**3. What is n(-1)?
-3
Let z(h) be the third derivative of 0*h - 5/6*h**3 - 41*h**2 + 0 + 1/60*h**5 + 3/8*h**4. Give z(-10).
5
Let s = 18746 - 18668. Let n(p) = p**3 - 81*p**2 + 235*p - 75. Calculate n(s).
3
Let g(r) = -r**3 - 6*r**2 - r + 7. Let k(l) = -l**2 - 43*l + 525. Let o be k(10). Determine g(o).
-13
Let v(z) = 2*z - 2. Let i = -191 + 406. Let j = 222 - i. What is v(j)?
12
Let l be ((-2)/(-2))/(261/33 - (-168)/(-21)). Let r(q) = -2*q**2 - 24*q + 21. Give r(l).
43
Let q(v) be the first derivative of 36 - 1/3*v**3 + v + 3/2*v**2. Determine q(4).
-3
Let y(t) = -t**2 + 9*t - 24. Suppose -269 = -66*o - 42 + 103. Determine y(o).
-4
Suppose -589 - 606 = 5*m. Let g = 93 + m. Let l = g - -137. Let a(n) = -n**3 - 9*n**2 + 10. What is a(l)?
10
Let h(l) be the third derivative of 4/3*l**3 + 1/60*l**5 + 0*l - 11*l**2 + 1/3*l**4 - 1. Let c be 96/(-15) + (-2)/(-5). Calculate h(c).
-4
Let p(r) be the third derivative of 1/720*r**6 + 0*r**3 + 0*r + 14*r**2 + 0 - 3/4*r**4 - 1/60*r**5. Let n(d) be the second derivative of p(d). Give n(7).
5
Let j(u) = 2*u**2 - 9*u + 1. Let z(p) = -7*p**2 + 48*p + 29. Let t(h) = -4*j(h) - z(h). Determine t(-9).
-6
Let w(v) = -v - 1. Let u(d) = d**2 + 9*d + 10. Let n be u(-7). Let m be (6 - 2) + 4 + n. Suppose -m*c + 2 = -6. Give w(c).
-3
Let d be 3 - ((-144)/(-18) + 1). Let p(t) = -t**3 - 8*t**2 - 5*t + 14. What is p(d)?
-28
Let h(v) = 8*v + 9. Suppose 22*c - 10*c = 24. Let l(k) = 3*k + 6. Let b(u) = c*h(u) - 5*l(u). What is b(8)?
-4
Let x(m) = 6*m**2 - 15*m - 3. Let w(v) = v**2 - 18*v - 5. Let o(p) = -4*w(p) + 5*x(p). Calculate o(2).
103
Let w be -1*3/21 - (-444)/21. Let x(t) = t**2 - 21*t + 2. Let u be x(w). Let z(o) = -o**2 + 2*o - 2. Calculate z(u).
-2
Let s(u) = 17*u**2 + 14*u - 26. Let l be s(4). Suppose -290 = 2*a - l. Let w(j) = -j**2 + 5*j + 6. Calculate w(a).
0
Let x(o) = -1055 - 2*o + 407*o**2 - 413*o**2 + 1075 - o**3. Determine x(-4).
-4
Let p(x) = 1455 + 1456 - 5*x + 21*x - 3027. Determine p(7).
-4
Let c(d) = 2*d + 4. Let p be 16 - 2/4*-4. Let t be (3/(p/24))/(-1). Give c(t).
-4
Let u(g) be the second derivative of 4*g**3/3 + 9*g**2 + 16*g - 124. Calculate u(-7).
-38
Let h(n) = 17*n - 18. Let l(c) = -2*c**2 - 92*c + 866. Let r be l(8). Determine h(r).
16
Let g(u) = -u**3 - 3483*u**2 - 1 + 4 - 2*u + 3484*u**2. Suppose 5 - 7 = -y. Give g(y).
-5
Suppose -10 = -4*p + 5*b, -3*p + 4 = -5*p - 2*b. Suppose p - 4 = -m. Let t(u) = -2 + 9*u - 9*u + 0*u - 5*u. Calculate t(m).
-22
Let i(g) = -g**2 + 20*g + 50. Let n(m) = 2*m + 8. Let q(o) = -i(o) + 5*n(o). Determine q(11).
1
Let l(s) = -s**2 + 4*s - 6. Let z(g) = -g**2 + 9*g + 18. Let n be z(-6). Let m be (-9)/n + (-1)/8. Suppose m = d - 27 + 23. Determine l(d).
-6
Let x(v) = -3*v**2 + 10. Let g(l) = -2*l**2 - 6*l + 11. Let f(o) = -g(o) + x(o). Suppose -3*d - z = 2*d - 23, -d + 3*z = 5. Give f(d).
7
Let m(d) be the second derivative of 11*d**3/6 - d**2 + 14*d. Suppose 45*v - 26 = 19*v. Give m(v).
9
Let f(z) = 10*z + 61. Let k be f(-6). Let y be (2/8)/(k/(-4)*-1). Let h(v) = -3 - 2*v + 3 - 1. Give h(y).
-3
Let t(s) be the first derivative of -s**6/72 + s**5/60 - s**4/8 - s**3/3 + 23*s**2/2 + 51. Let r(v) be the third derivative of t(v). Determine r(2).
-19
Let t(c) = -22*c + 1382. Let u be t(63). Let r(o) be the first derivative of -1/3*o**3 - o - 7/2*o**2 + 1. Determine r(u).
11
Let n(k) be the first derivative of k**4/12 - 7*k**2/2 - 54*k + 86. Let a(h) be the first derivative of n(h). What is a(-7)?
42
Let z(i) be the second derivative of i**4/24 + 7*i**3/3 - 96*i**2 - 169*i. Let l(t) be the first derivative of z(t). Give l(-6).
8
Suppose -b = 5*w - 3*b + 26, b = 3. Let d(t) = 3*t - t**2 - 8*t - 2*t - 7. What is d(w)?
5
Let x(t) = -t - 3. Let f(n) = 8*n - n + 31 - 8*n - 9*n. Let c(o) = -f(o) + 5*x(o). Calculate c(10).
4
Let h(n) be the second derivative of -n**5/20 + 2*n**4/3 - n**3/2 + 5*n**2 + 160*n - 5. Give h(7).
38
Let c = -80 - -95. Let a be 2/(4/c) + (-108)/72. Suppose 9 = n + a. Let r(x) = -3*x**2 + 4. What is r(n)?
-23
Let y be (10/155 + 3850/868)/((-2)/4). Let l(p) = 8*p + 36. Calculate l(y).
-36
Let z = -19756 - -19748. Let a(r) = -9*r - 78. Give a(z).
-6
Suppose -9*z + 11*z + 5*s = 9, -z + 11 = -4*s. Let n(r) = -r**2 + 7*r - 2. Determine n(z).
-2
Let r(g) = 2 + g**2 + 0*g**2 + 3 - 5*g. Let j be r(4). Let n(q) be the third derivative of -q**6/20 + q**5/60 - q**4/24 + q**3/6 - 6*q**2 + 148. Determine n(j).
-5
Suppose -m - 21 = -8*m. Let u(j) = -7*j + 3 + m + j**2 - j. Let y be u(8). Let p(d) = -d**2 + 4*d + 7. Calculate p(y).
-5
Let l(t) = -16*t**2 - 29*t + 17. Let j(c) = 7*c**2 + 13*c - 8. Let h(z) = -7*j(z) - 3*l(z). Calculate h(-6).
-7
Suppose -144 = 32*d + 160 - 464. Let j(u) be the first derivative of -1/4*u**4 + d - 7/3*u**3 - 2*u + 2*u**2. What is j(-7)?
-30
Let q be ((-9)/(-11))/1 - (-12)/66. Let z(g) = -20*g**2 + 2*g - 2. Determine z(q).
-20
Let d(i) = -i**2 - 3*i + 7. Suppose -o - o + 4 = 0. Suppose -4*b = -4*a - 72, 0 = -3*b - 2*b - o*a + 76. Let l be 3*1/(-4) + (-68)/b. Determine d(l).
-3
Let r(f) = -2*f - 1. Suppose -40 = d